*x - s. Let o(l) = 3*l. Let d(g) = x*o(g) + 4*m(g). Determine d(-5).
-1
Let k(c) be the second derivative of c**3/6 - c**2 + c. Let f(a) = -6*a + 5. Let h(n) = 5*n - 4. Let s(u) = -4*f(u) - 5*h(u). Let y be s(-2). Calculate k(y).
0
Let o be (-6)/2 - (-9 + 8). Let s be (o/5)/((-9)/45). Let m(a) = -1 - 3*a**2 - s*a + 0*a + 5*a. What is m(2)?
-7
Let u(w) be the first derivative of -5*w**2 + 6*w + w**2 + 3*w**2 + 2. Suppose 4*s + 0*s - 16 = 0. Determine u(s).
-2
Let t(g) = -3*g**3 + 5*g**2 + g + 5. Let n be -6 + -2 + (5 - 1). Let v(f) = -f**3 + 1. Let s(l) = n*v(l) + t(l). Suppose -7 = m - 2. Give s(m).
-4
Let l(r) = -r + 6. Let w(y) = y**2 + 4*y + 3. Let k(q) = q - 7. Let h be k(3). Let t be w(h). Determine l(t).
3
Let w(o) = 3*o + 4. Let k = 20 - 5. Let c = 23 - k. Let s be -5*(c/10)/1. Determine w(s).
-8
Let p(u) = -u + 3. Let l be (-42)/9 + 6/9. Calculate p(l).
7
Suppose 4*v + 5 = 5*v. Let y = v + -6. Let h(c) = 2*c**3 - 2*c**2 + 1. What is h(y)?
-3
Let y(s) = -s**2 + 4*s - 2. Let q(v) = -v**3 - 2*v**2 + 3. Let o be q(-3). Suppose z + 6 = -5*x - 6, x = -5*z + o. Let j be 2/(((-8)/x)/4). Calculate y(j).
1
Let z(l) = l**3 - 3*l**2 + l. Let m be z(2). Let w = m + 2. Let v be -2 + 4 + 2 - w. Let b(p) = 2*p. Calculate b(v).
8
Let q(j) be the third derivative of -1/6*j**3 + 2*j**2 + 0 - 1/12*j**4 - 1/30*j**5 + 0*j. Calculate q(-1).
-1
Let b(h) = h**2 + 3*h - 2. Let f = 32 - 16. Suppose -4*o + 2*a = -f, 5*a - 4*a = -4. Determine b(o).
8
Let a be (-36)/(-14) + (-9)/(-21). Let f(h) = -h + 2*h**3 - h**a + 0*h**3 - h. Calculate f(2).
4
Suppose 1 = -j - 4. Let q(y) = 4*y - 9*y - 2*y**2 - 6*y - 15. Let b(i) = -i**2 - 5*i - 7. Let g(d) = j*b(d) + 2*q(d). Calculate g(-4).
9
Let l(r) be the second derivative of r**4/12 - r**2 - 2*r. Suppose -4*d + 6 + 2 = 0. Give l(d).
2
Let b(y) = y**3 - y**2 - y + 1. Let i(s) = -s**3 - 6*s**2 + 7*s - 2. Let j be i(-7). Let l be 3/((-1)/(j/3)). Give b(l).
3
Suppose r - 8 = -3*r. Let c(y) = 2*y - 1. Let s be c(r). Suppose 0 = 3*g - 18 + s. Let p(t) = t**3 - 4*t**2 - 4*t - 6. Calculate p(g).
-1
Let q(x) = -1 + 0 - 2*x + 4*x. Suppose 3*r = 11 + 4. Suppose -r*j + 8 = -j. Calculate q(j).
3
Suppose -61 + 36 = 5*w. Let c(l) = -l - 6. Give c(w).
-1
Let r(i) = i**2 - 3*i + 3. Suppose -4*z + 20 = 2*v + v, 0 = 3*z + v - 10. Calculate r(z).
1
Suppose -6*c = -4*c - 2. Let n(d) = -d - 4*d + 4*d + c. Determine n(-5).
6
Let w(r) = -2*r**2 - r + 5*r - 3*r + 3*r**2. Give w(-1).
0
Let o(r) = -2*r + 3. Let l(u) = -5*u + 7. Suppose 0 = 5*q + 4*z - 19 + 5, -10 = q + 4*z. Let p(g) = q*l(g) - 14*o(g). Calculate p(1).
-2
Let r be 0/(1 + 0 + 0). Let i be -6 + (-1)/(-1 - r). Let x = 0 + i. Let l(v) = v + 11. What is l(x)?
6
Let k(i) = 6*i - 1. Let z be k(1). Suppose z*c = -6 - 9. Let x(g) = g + 1. What is x(c)?
-2
Let w be ((-2)/(-6)*12)/(-1). Let t(a) = a**2. Let z(l) = -l**3 + 2*l**2 - 2*l + 2. Let s(x) = -6*t(x) + z(x). Calculate s(w).
10
Let f(c) = 10*c - 16. Suppose -y + 5*y + 12 = 0. Let h(w) = -2*w + 3. Let o(m) = y*f(m) - 16*h(m). Determine o(4).
8
Let j(r) be the first derivative of -r**2 - 2/3*r**3 - 2*r + 1. Let v(x) be the first derivative of j(x). Determine v(-2).
6
Let q(m) = -2*m**3 + m**2 - 2*m - 8. Let x(d) = -d**3 - d - 4. Let c(b) = 6*q(b) - 13*x(b). Suppose 2*y = 3*f - 8 - 1, -5*f - 23 = 3*y. Calculate c(y).
-2
Let d(g) = g**3 + 4*g**2 + 2*g + 3. Let h be (-15)/(-5)*2/(-3). Let y = -13 + 7. Let b = y - h. Calculate d(b).
-5
Let i(z) = -z**3 - z + 2. Let w be i(0). Suppose -w*k = -k. Let y(b) = b**3 - 2 + 7*b - 5*b**2 + k*b**2 - 3. Calculate y(4).
7
Let x(h) = 2*h - 1. Let a = 3 - 3. Suppose -4*f + 4*s + 12 = -a, f - 3*s - 1 = 0. What is x(f)?
7
Let z(n) be the third derivative of -n**5/60 + n**4/4 - n**3/2 - n**2. Let p = -1 + 11. Suppose 0*f + 5*f = p. Calculate z(f).
5
Let j(m) = 7*m + 4 - 5 + 6*m**2 - 4*m**2 - 1. Determine j(-5).
13
Let x(u) be the first derivative of -1/40*u**5 - 1/24*u**4 - 1 + 0*u + 0*u**2 - 2/3*u**3. Let z(f) be the third derivative of x(f). What is z(-2)?
5
Let k(g) = -2*g**3 - 3*g**2 + 4*g - 3. Let w(y) = y**3 + 2*y**2 - 2*y + 2. Let s(n) = -3*k(n) - 5*w(n). Calculate s(2).
-1
Let a(c) be the third derivative of 0*c - 2*c**2 + 0 - 1/60*c**5 - 5/6*c**3 + 5/24*c**4. Calculate a(5).
-5
Let u(p) = 4*p - 3*p**2 + 2 - 3*p**2 + 5*p**2 + 2*p**2. What is u(-4)?
2
Let u(c) = -2*c + 5. Let i be (-3)/(-2)*(280/12)/5. Determine u(i).
-9
Let y be 6 + (-4 - 2/(-4)*2). Suppose 0 = -l - 2*c + 13, 5*l - 2*c = -0*l + 5. Let q(n) = 2 + l*n - n + 0*n. What is q(y)?
8
Let d(g) = g**3 - 18 - 6*g - 5*g**2 - 2*g**3 + 13. What is d(-4)?
3
Let x(q) = 3*q - 34. Let s be x(10). Let l(n) = -2*n**2 - 3*n - 6. What is l(s)?
-26
Let p be 0 + -1 + 4 + 3. Suppose 0 = -5*f - p + 66. Let s(u) = 11 - f + 3*u**2 - 2*u**2. Calculate s(-2).
3
Let h = 3 - 2. Let u(d) be the second derivative of -d**6/72 - d**5/120 + d**3/3 - d. Let k(t) be the second derivative of u(t). What is k(h)?
-6
Let p(c) = 2*c + 8. Let y(f) = -3*f - 16. Let v(r) = 7*p(r) + 4*y(r). Let b be 0 + -1 + 4 + 4. Give v(b).
6
Let l(m) be the third derivative of m**4/6 + m**3/6 + 10*m**2. Calculate l(6).
25
Let t(z) = -3*z - z**2 + 8*z + 3 + 2*z**3 + 6*z**2 - z**3. Let a = -18 - -15. Calculate t(a).
6
Let n(m) = -m. Let b(o) = 6*o + 1. Let s(y) = b(y) + 5*n(y). Calculate s(0).
1
Suppose 2*s - 4 = u, u + 0 + 13 = 5*s. Let x(c) = -c**u - 4*c + 5*c - 7*c. Give x(-5).
5
Let d(q) = q**2 + 5*q + 3. Suppose -y = -5*n + 58, -4*n + 6 = -y - 40. Let x be 28/(-6) - 4/n. Determine d(x).
3
Let p(t) = 10 + t + t**3 - 19 + 4*t**2 + 7. Suppose 0*h - 4*h = 3*m + 4, 5*h = -5*m - 10. What is p(m)?
-6
Let l(r) = r**2 + r - 8. Let q = -2 + 6. Let f be (-1 - 1 - -2)/(-1). Suppose q*x - x = f. Give l(x).
-8
Let r(w) = 0 + 4 - 5*w**2 + w + w - w**3. Suppose 17 = -10*n - 33. Calculate r(n).
-6
Let b(y) = 6*y + 4. Let m = 25 - 28. Give b(m).
-14
Let w(m) = -m**3 - 3*m**2 + 3*m + 2. Let v be w(-2). Let q(g) = 2*g + 11. Let l(r) = -2*r - 11. Let a(h) = 6*l(h) + 5*q(h). What is a(v)?
5
Let q(d) = d**2 - 2 - 3*d + 1 - d + 0. Let l(f) = -f - 2. Let r be l(-5). Let k = r - -2. Determine q(k).
4
Let a(k) = k**3 + k**2 - 1. Let z(u) = 3*u**3 + 6*u**2 + 2*u + 2. Let w(i) = 2*a(i) - z(i). Give w(-4).
4
Let w(p) = p - 2. Let t be w(0). Let v be -2 - -2*(-2)/t. Suppose 4*s = -v*s - 20. Let d(g) = -g**2 - 4*g + 2. Give d(s).
-3
Let j(r) be the third derivative of r**4/12 + 13*r**2. What is j(2)?
4
Let p(d) = -d**2 - 6*d - 5. Let a be -5 + ((-20)/(-5))/(-4). What is p(a)?
-5
Let d(m) = m**3 - 3*m**2 + 3*m - 3. Let c(v) be the first derivative of v**4/4 + 2*v**3 - 3*v**2 + 9*v - 1. Let l be c(-7). Give d(l).
-1
Let y(z) = 5*z**2 - 7*z + 5. Let q(a) = -4*a**2 + 7*a - 4. Let l(p) = -4*q(p) - 3*y(p). Determine l(6).
-5
Suppose 3*z + 22 = -y, -7 + 65 = -3*y - 5*z. Let p be (-25)/2*y/20. Suppose -f - f = -p. Let i(a) = -a + 5. Give i(f).
0
Suppose 98 - 28 = -5*i. Let f = i - -9. Let j = f - -5. Let t(s) = s - 5. Determine t(j).
-5
Let h(s) = -2*s**3 + 13*s**2 + 9*s - 7. Let f be h(7). Let k(p) = 4*p. What is k(f)?
28
Let g(l) = l + 11. Suppose 0 = -4*c + 8, -4*w + c - 22 = -0. What is g(w)?
6
Let g(o) = -o + 6. Suppose -f = -j + 6*j - 1, -2 = 2*j. Determine g(f).
0
Let d(l) = -4*l - l**2 + 0*l - l + 2*l**3 - 1 + 2*l. Determine d(-2).
-15
Suppose 3*r - 6 = -3. Let c = r + 5. Let a = -6 + c. Let y(i) = -i**3 + i**2 + i - 4. What is y(a)?
-4
Let p(o) = 5*o**3 + 2*o**3 - 10*o**3 + 9*o**3. Give p(1).
6
Let f(t) = t**3 + 3*t**2 - 4*t - 2. Let y(c) = 11*c + 40. Let v be y(-4). What is f(v)?
-2
Let v(k) = 4*k**2 - k. Suppose -6*q + 12 = 3*b - q, 0 = -2*b + 5*q + 8. Suppose -o - 3 + b = 0. Calculate v(o).
3
Let q(g) = 3*g**2 - 11*g + 1. Let b(x) = 13*x**2 - 46*x + 3. Let l(t) = 2*b(t) - 9*q(t). What is l(7)?
-3
Let m(a) be the third derivative of -3*a**2 + 1/60*a**5 + 0*a + 1/24*a**4 + 0*a**3 + 0. Let b = -5 - -3. Give m(b).
2
Let n(f) = -4*f**2 + 5*f + 11. Let c(h) = 5*h**2 - 5*h - 13. Let o(i) = 5*c(i) + 6*n(i). Determine o(-5).
1
Let b = 20 + -14. Let m = b + -6. Let l(x) = -x - 11. Determine l(m).
-11
Let z(l) = -l**3 - l**2 + l + 2. Suppose 3*r + y = 2*y - 8, -4*r + 5*y - 18 = 0. Give z(r).
4
Let h(s) = -s**3 + 5*s**2 - 4*s. Let q be h(4). Let v = q - 3. Let g(a) = -2*a. Give g(v).
6
Suppose 0 = g - 0*g - 2. Let o = 6 - g. Le